48*h + 11. Let d(z) = i(z) + 4*x(z). Suppose -3*o + 29 = 50. Is d(o) prime?
False
Let h = 395 - 385. Suppose 10595 = -5*o + h*o. Is o a prime number?
False
Is (2910612/(-144)*-12)/(-1 + 2) composite?
False
Let h(b) = b**2 - 1. Let v(k) = 65*k**2 - 8*k + 22. Let n(m) = -3*h(m) + v(m). Let f = -252 + 257. Is n(f) composite?
True
Let a(u) = 3*u**2 - 44*u + 1740. Is a(59) composite?
False
Suppose 0 = -5*a + t + 284906, -3*a - 79402 + 250344 = t. Is a composite?
True
Let i(k) = 2*k**2 - 6*k + 537. Is i(-85) a composite number?
False
Let c = -38339 - -157398. Is c a prime number?
False
Is (-1149)/3064 + (5829786/112 - 4/14) a prime number?
True
Let r(t) = 31*t**3 + 2. Let k be r(3). Let s = k + 26. Let v = -188 + s. Is v a composite number?
False
Is (4517*2)/(24/372) a composite number?
True
Let w be -1 - (-93030)/(5/1). Is w + 80/(-13) + 2/13 a composite number?
True
Suppose -14044 = -16*b - 2828. Suppose 0 = 17*k - 18*k + b. Is k prime?
True
Suppose 19*d = -10*d + 290. Suppose -d*y + 18836 - 606 = 0. Is y prime?
True
Let u(o) = 3761*o**2 + 9*o - 55. Is u(18) composite?
True
Suppose 0 = 5*k - 885940 - 2925. Is k a composite number?
True
Suppose o = 4*m - 2379644, 29*m + 2*o - 594911 = 28*m. Is m a prime number?
True
Let z = 10 + -30. Is (-2 + (-16)/(-6))*(-20190)/z a composite number?
False
Let a(f) = -95*f**2 + f + 49. Let p be a(9). Is p/(-5) + 14/(-35) + 0 a composite number?
True
Suppose 2774979 + 25910943 = 138*s. Is s prime?
True
Let v(m) be the first derivative of m**4/4 + 11*m**3/3 + 7*m**2 + 37*m - 23. Let w be v(-8). Suppose -479 = -4*h + w. Is h prime?
True
Let v be (2 - -1) + (5 - (4 - 1)). Suppose 0 = v*a + 4*b - 176967, -a = -4*a - 2*b + 106181. Is a a prime number?
False
Suppose 7*q + 5*q - 7224 = 0. Suppose 0 = 2*w - 3*y - 623, 0*w = -2*w - 4*y + q. Is w a composite number?
False
Let x = -180 + 199. Suppose -11*v - x*v = -398730. Is v prime?
True
Let l = 73199 + -16440. Is l prime?
False
Let g be 52/(-65) + (-9569)/(-5). Let o = g - -686. Is o a composite number?
True
Let z(p) = 48*p - 254. Let l(b) = 7*b + 32. Let o be l(0). Is z(o) prime?
False
Let p(x) = 19*x**3 + 5*x**2 + 45*x - 222. Is p(5) a composite number?
False
Let a = 245 - 241. Suppose -5 = 2*g - 11, a*g = -3*h + 4545. Is h prime?
True
Suppose -2567740 = -19*g + 1708894. Is g prime?
False
Suppose q = m - 2310 - 22131, 0 = 2*m - 4*q - 48886. Is m a composite number?
False
Suppose 1231513 = 15*q - 26312. Suppose -2*i - 3*i = -q. Is i composite?
True
Let q(r) be the first derivative of -r**4/2 - 8*r**3 + 12*r**2 + 6*r + 18. Let a be q(-16). Is (12/(-16))/(6/(-4))*a a composite number?
True
Suppose 678921 = -145*p + 148*p. Is p a prime number?
True
Suppose 18*x - 4328 = 4096. Let s be (2 - 2) + -2 + 147. Let p = x - s. Is p composite?
True
Let f(u) = -263 + 3*u + 2*u + 2*u - 474 + 4*u**2. Let v(w) = -6*w**2 - 10*w + 1106. Let b(z) = 7*f(z) + 5*v(z). Is b(0) a prime number?
False
Suppose -2*q + d + 17223 = 0, q + 9*d = 7*d + 8609. Let j = q + -105. Is j a prime number?
False
Suppose -9*t - 9 - 576 = 0. Let d = t + 70. Suppose 2*g + 0*g - 3529 = -d*x, 8865 = 5*g + 4*x. Is g a prime number?
True
Suppose -4*g + 100601 = -c, 5*g - 125740 = -42*c + 47*c. Is g a composite number?
True
Suppose -2*n = -4*v - 729466, 1458908 = -1940*n + 1944*n - 4*v. Is n a prime number?
False
Suppose 0 = 16*h - 6*h. Suppose -5*q + 40 = -h*q. Let k(w) = -w**3 + 12*w**2 + 17*w - 13. Is k(q) a composite number?
False
Suppose 0*m + 7*m - 2*m = 298465. Is m a prime number?
True
Let f be (-17746)/(-16) - 9/72. Suppose -10417 = -6*d + f. Is d composite?
True
Is ((-16250682)/84)/(5/14)*(-5 - 0) a composite number?
True
Let h = 250714 + -14345. Is h composite?
True
Suppose -1851256 = -p + 3*b, 127*p - 130*p - b + 5553758 = 0. Is p a prime number?
True
Let g(f) = -10*f + 2268*f**3 - 2*f - 2260*f**3 - 36 + 13 + 15*f**2. Is g(8) prime?
True
Let i(w) = 56*w**3 - 12*w**2 - 12*w + 87. Is i(10) a prime number?
True
Let w = 199460 + -126507. Is w prime?
True
Let w be (-4)/(-18) - (26884/(-36) + 5). Suppose 4*v - 5*a = 34572, 4*a + 7890 + w = v. Suppose -j = 4*i - 8657, 2*i - v = -2*i - 4*j. Is i a composite number?
True
Suppose 0 = -u - 2*u - 147. Let y = u - -49. Is (y - -2) + 1 + 1076 composite?
True
Let p(m) be the second derivative of -m**5/10 - 7*m**4/12 - 5*m**3/6 + 13*m**2/2 - 124*m. Is p(-5) a prime number?
True
Suppose 0 = 3*o - 8087 - 187547 + 34483. Is o a composite number?
False
Is 147688/2 - ((-10)/10 + -2) a composite number?
False
Suppose 8*k - 2531642 - 4766506 - 5583668 = 0. Is k prime?
True
Suppose u = 5*u + p - 1046, -5*u + 1299 = -3*p. Let n = -100 + u. Suppose 0 = 8*m + n - 1657. Is m a composite number?
True
Is ((-175309)/(-4))/(15 + (-1003)/68) a prime number?
True
Let x be ((-1)/21*-7)/((-2)/(-24)). Suppose -29*p = x*l - 28*p - 9933, 7448 = 3*l - p. Is l a composite number?
True
Let v(l) = -26*l + 17. Let b be v(-4). Let c = b + 1396. Is c a composite number?
True
Let i(z) = 9*z - 20. Let p(r) = -r**3 - 9*r**2 - 2*r - 16. Let f be p(-9). Suppose -14 = -3*x + f*x. Is i(x) prime?
False
Let u(t) = -6565*t - 6. Suppose 98 - 26 = -4*f. Let m be -4 + (-29)/(-9) + 4/f. Is u(m) prime?
False
Suppose 0*n + 120 = 12*n. Suppose 9*r + 2209 = n*r. Suppose 0*x - 3*z = 2*x - r, 3271 = 3*x - 4*z. Is x prime?
True
Suppose 18 = -4*v + 186. Suppose -2*b + 48 = f, -v = 3*b + 3*f - 117. Suppose -b*n + 21*n = -1730. Is n prime?
False
Let a(y) = 2*y**3 - 13*y**2 + 2*y - 8. Let s be a(6). Let h be ((-8664)/s)/(1/8). Suppose 7*b = 15095 - h. Is b a prime number?
True
Let y = 297 - -59. Suppose -y*r + 358*r = 4486. Is r composite?
False
Let l(b) = b**2 - b + 3203. Let p be l(0). Let s = -966 + p. Is s prime?
True
Is 5/(150/1907268) + (-14)/(-10) a composite number?
False
Suppose 7*t - 16594 = 5526. Suppose 5*f - t = 5*v, -f + 4*f = v + 1904. Let h = f - 329. Is h composite?
False
Is (3/4)/(6169131/1542276 + -4) composite?
False
Suppose 12*h - 15 = 7*h. Suppose h*q - 2*o = -24, 4*q - 2*q = o - 15. Is ((-1)/(-2))/(q/(-1068)) a prime number?
True
Suppose -3*p = -d + 11, 3 = 2*p + 2*d - 3. Let h be (9/(-6) - p)*1550. Let w = h + -234. Is w a composite number?
False
Suppose 9*b = 121 + 680. Suppose -22 = 2*v + z + 13, -5*z - 55 = 2*v. Is 3*(-5)/v*b a prime number?
True
Suppose -140*c + 144*c - 44 = 0. Suppose -9*l - 4 = -c*l. Suppose -l*i + 845 = 2*i + 5*o, 5*i = -2*o + 1035. Is i prime?
False
Is (-18)/(-3)*24232758/396 a composite number?
False
Is (1*-3)/(-7 + (-4226592)/(-603804)) composite?
True
Let v = -72 - -70. Let t be (v - 2) + (-2727 - -10). Is (-10)/(-2)*(-7)/(105/t) a composite number?
False
Let n = -15 - -17. Suppose 25*x = 27*x - 8. Suppose n*s + s - 97 = -b, -2*b - x*s = -202. Is b prime?
True
Let m(s) = 191 + 253 - 425*s - 2045*s - 113. Is m(-21) a prime number?
True
Let i(w) = -253*w**3 - 7*w + 11. Let u(o) = -759*o**3 - o**2 - 20*o + 32. Let r(c) = -7*i(c) + 2*u(c). Is r(4) a prime number?
True
Is ((-5)/10 - 63/(-18))*(-1197833)/(-39) composite?
True
Let h be -18*5/(-75)*315. Is 2/9 - (-2338602)/h prime?
False
Let s(c) = -1. Let v(l) = -l**2 - 245. Let x(d) = -2*s(d) - v(d). Let m be x(0). Suppose 5*u - 2*q - 615 = 0, 2*u - 5*q - m = -4*q. Is u a composite number?
True
Suppose -5*s + 0 + 15 = 0. Suppose u = y + 5, 2*y + s*y = -3*u - 1. Suppose u*f - 1465 = -5*j, -4*f = 3*j - 3*f - 879. Is j a composite number?
False
Suppose 18*x - 3*x - 16157 = 50008. Is x prime?
False
Let m = -3646 - 878. Let h = m + 10147. Is h prime?
True
Let x be ((-2)/(-6))/(((-42)/180)/(-7)). Suppose -x*a = 3*a - 141739. Is a a prime number?
True
Let z(b) = 56136*b + 125. Is z(2) prime?
True
Suppose -10 = -l - l. Let c(w) = -24*w + 220. Let m be c(9). Suppose 3*u - r = 1440, l = -m*r - 7. Is u composite?
False
Let g = -28 + 10. Let i be 904/(-6) - (-6)/g. Let s = 338 + i. Is s prime?
False
Let d(r) = 2909*r**2 + 16*r - 409. Is d(10) a composite number?
True
Let f(a) = 6*a**2 - 6*a - 17. Suppose -30 = 13*x - 14*x. Suppose v - x = 6*v. Is f(v) a composite number?
True
Let f be 2*-14*((-45)/10 - -5). Let a be (f/21)/(1/(-3)). Is -3 - 188/((-24)/(-15) - a) prime?
True
Let v be ((-2)/14 - (-24)/21) + 4. Suppose -7*d + 3492 = v*d. Is d prime?
False
Suppose 5*c - 3*c - 620 = 0. Let d = 885 - c. Suppose -r - 4*r + d = 0. Is r a composite 